 38*k - 380. Calculate i(47).
43
Let v(c) = -c**2 - 165*c - 785. What is v(-5)?
15
Let l(j) = -6*j - 172. Give l(-31).
14
Let h(b) = -18*b + 1311. Determine h(73).
-3
Let j(a) = -4*a**2 - 82*a + 11. Determine j(0).
11
Let x(v) = -v**2 + 6*v + 39. Determine x(-4).
-1
Let k(x) = 5*x**3 + 35*x**2 + 42*x + 287. Calculate k(-7).
-7
Let s(h) = 357*h - 1067. What is s(3)?
4
Let o(x) = -x**2 + 112*x - 2945. Give o(70).
-5
Let z(q) = 5*q - 22. Determine z(-12).
-82
Let s(u) = 3*u**3 - 33*u**2 + 10*u + 14. Determine s(10).
-186
Let f(q) = -q**3 - 8*q**2 + 19*q - 6. Give f(-10).
4
Let f(x) = x**2 + 224*x + 10326. Give f(-158).
-102
Let l(u) = u**3 + 16*u**2 - 5*u + 245. What is l(-17)?
41
Let f(c) = -c**3 - 12*c**2 - 31*c - 5. Determine f(-6).
-35
Let k(g) = -g**3 + 10*g**2 - 35*g + 70. Give k(5).
20
Let x(i) = 194*i + 1857. What is x(-8)?
305
Let b(h) = -1216*h**2 - 3644*h. Determine b(-3).
-12
Let z(b) = -2*b**3 - 33*b**2 - 100*b - 1345. Determine z(-16).
-1
Let l(o) = o**3 + 2*o**2 - 41*o - 7. Determine l(-7).
35
Let m(v) = 2*v**2 + 3229*v + 4. Determine m(0).
4
Let k(y) = 42*y - 118. Calculate k(3).
8
Let k(i) = 2*i**2 - 20*i + 63. Give k(3).
21
Let d(k) = 19*k**3 + 2*k**2 + 17*k - 48. Calculate d(3).
534
Let s(a) = -a**3 + 36*a**2 - 37*a + 60. Give s(35).
-10
Let q(k) = -45*k + 406. Determine q(5).
181
Let w(x) = 14*x + 640. What is w(-40)?
80
Let q(x) = 625*x - 6240. Determine q(10).
10
Let w(q) = 3*q**3 - 18*q**2 - 75*q + 457. Give w(6).
7
Let d(o) = -23*o - 597. Determine d(-25).
-22
Let p(j) = 2491*j + 24905. Calculate p(-10).
-5
Let w(t) = 6*t**2 - 173*t - 39. Calculate w(29).
-10
Let d(i) = i**3 + 62*i**2 + 4*i + 220. What is d(-62)?
-28
Let l(i) = -2*i**3 + 205*i**2 + 101*i + 200. Determine l(103).
-6
Let k(w) = -43*w - 6817. Determine k(-159).
20
Let o(q) = 2*q**3 + 9*q**2 + 14*q + 10. Calculate o(-5).
-85
Let p(w) = -w**3 + 14*w**2 - 71*w - 15. Determine p(0).
-15
Let h(p) = 105*p - 111. What is h(1)?
-6
Let k(m) = 4*m**3 + 49*m**2 - 37*m - 16. What is k(-13)?
-42
Let g(j) = -j**3 + j**2 + 13*j - 41. Determine g(-4).
-13
Let x(q) = 3*q**2 - 141*q + 105. What is x(44)?
-291
Let f(v) = -3*v**2 + 64*v - 257. Calculate f(16).
-1
Let x(g) = 6*g**3 + 107*g**2 + 84*g - 11. Determine x(-17).
6
Let s(x) = x**3 + 14*x**2 + 31*x - 100. What is s(-6)?
2
Let x(b) = -7*b**2 + 19*b - 95. Calculate x(7).
-305
Let y(q) = 92*q - 939. Determine y(10).
-19
Let m(n) = -n**3 + 23*n + 72. Give m(6).
-6
Let u(z) = -3*z**3 - 19*z**2 + 30*z - 80. Determine u(-8).
0
Let f(t) = 4*t**2 + 18*t - 6. Calculate f(-8).
106
Let k(c) = -c**3 + 16*c**2 + 120*c + 1709. Determine k(24).
-19
Let b(x) = -x**2 + 9*x + 210. Give b(19).
20
Let k(q) = 2*q**2 + 929*q - 21404. Determine k(22).
2
Let c(n) = 3*n**2 - 169*n - 1255. What is c(63)?
5
Let g(i) = i**2 + 87*i - 5. Determine g(0).
-5
Let u(i) = 537*i + 86. Calculate u(0).
86
Let q(o) = -2*o**3 + 250*o**2 - 2*o + 241. What is q(125)?
-9
Let v(c) = -13*c**2 + 60*c + 39. Determine v(5).
14
Let r(l) = 122*l - 6722. Calculate r(55).
-12
Let x(c) = -119*c - 1076. Calculate x(-9).
-5
Let c(d) = -119*d**3 + 7*d**2 - 10*d + 3. Give c(1).
-119
Let d(u) = -3*u**3 + 15*u**2 + 15*u - 27. Give d(6).
-45
Let x(y) = y**2 - 1218*y - 3661. Calculate x(-3).
2
Let p(r) = 3*r**3 - 138*r**2 + 5*r - 210. Determine p(46).
20
Let r(v) = -26*v + 223. Calculate r(13).
-115
Let d(k) = k**3 - 14*k**2 + 2*k - 5. Calculate d(13).
-148
Let z(l) = -4*l**2 + 175*l - 128. What is z(43)?
1
Let h(m) = 24*m**3 + 2*m**2 + 38*m + 37. Give h(-1).
-23
Let l(o) = 365*o + 1801. Calculate l(-5).
-24
Let x(w) = -w**3 + 14*w**2 - 187*w + 711. Give x(5).
1
Let v(p) = 13*p + 228. Calculate v(-19).
-19
Let b(s) = -195*s + 937. Calculate b(4).
157
Let m(v) = 124*v + 1121. Determine m(-10).
-119
Let a(k) = -k**3 + 16*k**2 + 13*k + 65. Determine a(17).
-3
Let t(r) = -32*r + 3737. Determine t(117).
-7
Let j(o) = 25*o - 140. Determine j(5).
-15
Let c(d) = -d**3 + 46*d**2 + 102*d - 195. Determine c(48).
93
Let x(u) = 35*u + 406. Determine x(-13).
-49
Let f(k) = -56*k. What is f(0)?
0
Let r(y) = 111*y - 10545. What is r(95)?
0
Let w(r) = 2*r**2 - 56*r. What is w(0)?
0
Let n(u) = u**3 - 7*u**2 - 11*u + 74. What is n(6)?
-28
Let t(g) = -2*g**2 - 121*g + 1082. What is t(9)?
-169
Let t(j) = -10*j**2 + 287*j - 108. Calculate t(28).
88
Let c(g) = 19*g**2 + 31*g + 223. Calculate c(-6).
721
Let m(k) = -k**3 + 31*k**2 - 211*k - 231. Give m(13).
68
Let m(l) = l**2 - 41*l + 12. Determine m(0).
12
Let f(c) = 56*c - 954. Give f(17).
-2
Let a(z) = 66*z + 398. What is a(-8)?
-130
Let c(k) = k**3 - 28*k**2 + 3*k - 65. Determine c(28).
19
Let r(m) = -m**2 + 23*m - 81. Determine r(10).
49
Let b(r) = 1326*r - 3968. Determine b(3).
10
Let w(y) = y**2 - 7*y - 1035. Determine w(0).
-1035
Let q(g) = -g**3 + 86*g**2 - 1715*g + 319. Calculate q(31).
9
Let o(m) = -614*m - 1831. What is o(-3)?
11
Let k(b) = -2*b**2 - 335*b + 7923. Calculate k(21).
6
Let w(t) = t - 52. What is w(-47)?
-99
Let g(l) = -15*l**2 - 29*l + 2. Determine g(-2).
0
Let r(o) = -45*o**3 + 2*o**2 - 8*o + 6. Determine r(1).
-45
Let z(g) = 53*g - 116. What is z(9)?
361
Let s(t) = 25*t - 10. Calculate s(-4).
-110
Let j(f) = f**3 + 2*f**2 + 5*f + 45. Give j(-6).
-129
Let r(g) = 2*g**3 + 3*g**2 - 991*g - 1995. Give r(-2).
-17
Let s(h) = -30*h - 322. Calculate s(-11).
8
Let f(s) = -31*s**3 + 248*s**2 + 16. What is f(8)?
16
Let f(t) = 8*t**3 + 158*t**2 + 644*t - 6. Calculate f(-14).
-6
Let j(h) = -h**2 - 659*h + 9430. Give j(14).
8
Let n(y) = 2*y**3 - 7*y**2 - 62*y + 146. Calculate n(6).
-46
Let w(s) = 3*s**2 + 36*s - 27. Determine w(-12).
-27
Let d(w) = -7*w + 240. What is d(4)?
212
Let y(t) = -t**2 + 4*t + 22. Give y(-10).
-118
Let q(j) = -j**2 - 102*j - 1315. Determine q(-87).
-10
Let k(f) = -85*f - 527. Determine k(-17).
918
Let s(z) = 282*z**2 - 11*z - 11. Determine s(-1).
282
Let d(u) = 29*u**2 + 146*u - 2. What is d(-5)?
-7
Let r(h) = -6963*h + 90525. Give r(13).
6
Let d(v) = 34*v - 297. Give d(16).
247
Let g(c) = -2*c**3 - 5*c**2 + 34*c + 70. Give g(-5).
25
Let o(d) = -d**3 + 10*d**2 + 52*d + 77. Give o(14).
21
Let v(t) = -12*t**2 - 222*t - 311. Determine v(-17).
-5
Let n(d) = -27*d**2 - 85*d - 3. What is n(-3)?
9
Let f(b) = 7*b + 44. What is f(3)?
65
Let q(l) = -13*l + 726. Give q(74).
-236
Let h(y) = y**3 - 32*y**2 + 186*y + 134. Give h(24).
-10
Let o(d) = -d**3 - 49*d**2 - 53*d - 236. Calculate o(-48).
4
Let c(x) = -6*x**2 + 32*x + 78. What is c(9)?
-120
Let k(n) = 97*n + 2059. Give k(-24).
-269
Let f(i) = -137*i + 15642. Give f(114).
24
Let z(i) = -57*i - 6847. Determine z(-118).
-121
Let m(s) = 288*s + 1710. Calculate m(-6).
-18
Let n(b) = 2*b**2 + 3*b - 107. Calculate n(-8).
-3
Let w(n) = n**3 + 45*n**2 + 6*n + 266. Calculate w(-45).
-4
Let r(l) = 2*l**3 - 108*l**2 + l - 141. Calculate r(54).
-87
Let z(p) = 16*p**3 + 4*p**2 + 6*p + 1. Determine z(-1).
-17
Let v(u) = -8*u + 245. Give v(13).
141
Let v(q) = q**3 - 69*q**2 + 68*q - 2. What is v(68)?
-2
Let p(g) = 2*g**2 + 31*g + 119. Calculate p(-10).
9
Let i(a) = 3*a**3 - 85*a**2 - 66*a + 79. What is i(29)?
-153
Let d(v) = -2*v - 4. Determine d(-33).
62
Let j(d) = -d**2 - 168*d - 2428. Calculate j(-16).
4
Let q(d) = 19*d + 1852. What is q(-97)?
9
Let j(a) = 10*a - 484. Determine j(46).
-24
Let k(l) = 147*l + 1610. Give k(-11).
-7
Let d(o) = -o**2 + 2599. Calculate d(51).
-2
Let s(b) = b**2 + 6*b - 31. What is s(-10)?
9
Let v(c) = 23*c + 1110. Give v(-47).
29
Let c(k) = -9*k**2 + 430*k - 732. Determine c(46).
4
Let v(a) = -3*a**3 + 10*a**2 + 2*a - 15. Give v(5).
-130
Let k(q) = -64*q - 5. Give k(0).
-5
Let u(d) = -3*d**2 + 3*d + 95. Determine u(-6).
-31
Let q(h) = 27*h**2 - 70*h - 221. Give q(-3).
232
Let d(t) = -497*t + 20383. Determine d(41).
6
Let l(p) = -p**2 - 29*p - 264. Give l(-19).
-74
Let l(g) = g**3 + 50*g**2 - 52*g + 42. Calculate l(-51).
93
Let s(a) = a**2 - 34*a - 15. Calculate s(26).
-223
Let c(d) = 68*d - 508. Determine c(7).
-32
Let u(w) = -w**2 - 2869*w - 90780. Calculate u(-32).
4
Let p(f) = -45*f - 613. Give p(-15).
62
Let r(l) = 680*l + 35375. Determine r(-52).
15
Let k(n) = 3*n**2 + 185*n + 2846. What is k(-33)?
8
Let x(n) = 4592*n - 41324. Calculate x(9).
4
Let i(f) = 2*f**3 + 93*f**2 - 48*f - 36. What is i(-47)?
11
Let c(p) = -17*p**2 + 7*p - 65. Give c(8).
-10